*v. Calculate the remainder when 151 is divided by v.
7
Suppose -13*x + 14*x = 118. Suppose 2*h + 16 = x. Calculate the remainder when h is divided by 13.
12
Suppose 51 = -5*i + 746. Calculate the remainder when i is divided by (7/(-3))/(2/(-30)).
34
Let g(m) = -4*m + 4. Let n be g(4). Suppose -5*j + o = 53, 5*o + 15 = -4*j + j. Let b = j - n. What is the remainder when 4 is divided by b?
0
Let j = -197 + 221. What is the remainder when 30 is divided by j?
6
Suppose 30*a - 598 - 33 = 329. Suppose -4*u + 417 + 215 = 0. What is the remainder when u is divided by a?
30
Suppose 0 = -6*w + 3*w - 222. Let t = w - -87. Calculate the remainder when 16 is divided by t.
3
Let r(p) = p**2 - p + 3. Suppose 36 = 6*b - 0*b. Let q = -1 + b. What is the remainder when r(q) is divided by 13?
10
Let c(w) = -22*w + 1. Let i(h) = -h**3 + h**2 - h - 2. Let x be i(0). Calculate the remainder when c(x) is divided by 24.
21
Suppose -5 - 15 = -2*m. What is the remainder when 428 is divided by m?
8
Let d = -119 - -77. Let a = 17 - d. What is the remainder when a is divided by 27/9 - 9*-3?
29
Suppose -7*q - 234 = -20*q. Calculate the remainder when 88 is divided by q.
16
Suppose 3*l = 6 + 21. Calculate the remainder when 44 is divided by l.
8
Suppose -2*z = -r + 66, 0 = -2*r + 3*z + 19 + 115. What is the remainder when r is divided by 12?
10
Let t(u) = 3 - 10*u - 1 + 2 + 0. Let r be t(-6). Suppose 3*j - r = o, 3*j - 94 = -5*o - 0. Calculate the remainder when 45 is divided by j.
22
Let q(w) = w**3 + 8*w**2 - 11*w - 1. Let k be q(-9). Suppose 4*o - 21 = -3*f, -3*f - k = -2*o + 2*f. Calculate the remainder when 15 is divided by o.
3
Suppose -3 = -5*h + 12. Let r = 53 - 35. Calculate the remainder when r is divided by h.
0
Let b = -166 + 184. Let z(y) = -50*y - 1. Calculate the remainder when z(-1) is divided by b.
13
Suppose 2*r = 2*o + 42, o = 3*r - 77 + 18. Suppose -8*h + 3675 = 7*h. Let i = -240 + h. Calculate the remainder when r is divided by i.
4
Suppose -2*r - 4*o = -6*r + 396, 5 = -o. What is the remainder when 317 is divided by r?
35
Calculate the remainder when 54 is divided by 12 - (-8)/40*0.
6
Let q(h) = h**3 + 7*h**2 + 6*h + 1. Let l be q(-6). Calculate the remainder when 29 is divided by (-2)/6*-33*l.
7
Suppose -m + 3*m + 120 = 0. Let u = m - -109. What is the remainder when u is divided by (-3)/(-6)*(29 - -5)?
15
Suppose 2*r + 40 = 2*a, -25 = -a + 4*r - 2. Calculate the remainder when 32 is divided by a.
13
Let t = -67 - -96. Suppose 36*o - 11 - 277 = 0. What is the remainder when t is divided by o?
5
Suppose -26*n - 132 + 753 = -497. Let v(a) = a**2 - a - 3. Calculate the remainder when n is divided by v(-3).
7
Suppose -3*r = -5*s - 243, 4*r + 81 = -3*s - 59. Let n = -9 - s. What is the remainder when n is divided by 8?
7
Let w(j) = -3*j**3 - 4*j**2 - 2*j + 2. Let z be w(-2). Let i be (-1)/3 + (-728)/39. Let m = z - i. Calculate the remainder when m is divided by 17.
16
Let k = 27 - 25. Suppose -d - 6 = 3*h, k = 4*d + h + 4. Suppose -5*l - 2*l + 1015 = d. What is the remainder when l is divided by 37?
34
Let c = 971 + -877. Calculate the remainder when 2348 is divided by c.
92
Suppose -3 = p - 8. Suppose 5*d - p = 0, 4*z - z + 4*d - 40 = 0. Calculate the remainder when 45 is divided by z.
9
Suppose 4*s - 101 = -21. Let g(k) be the first derivative of 4*k**3 - k**2/2 - 2*k + 6. Calculate the remainder when s is divided by g(-1).
9
Let c(i) = -15*i - 2. Let f be c(-3). Suppose -3*r + f = -2. Suppose -b = 4*b + r, -3*b - 384 = -5*n. What is the remainder when n is divided by 19?
18
Let c(q) = -12*q - 67. Let v be c(-7). Suppose -3178 = 3*l - v*l. What is the remainder when l is divided by 46?
43
Let y(z) = z**3 - 5*z**2 - 5*z - 6. Let d be y(6). Let t be 0 + 0 + d/(-15). What is the remainder when 96 is divided by 140/(-30)*(t + -3)?
12
Let q be (-16)/(-5)*50/20. Calculate the remainder when 72 - 9 - q/2 is divided by 20.
19
Calculate the remainder when 225 is divided by (-11 + 13)*(19 + -2).
21
What is the remainder when 74 is divided by ((-135)/90)/((-3)/40)?
14
Suppose 4*o - 54 = -y + 18, -2*y = -4*o - 204. Calculate the remainder when 338 is divided by y.
62
Let o = 10 + -9. Suppose 0 = m - 2*r - 3*r - 3, 0 = -5*m + r + 135. What is the remainder when m is divided by o*4/(-10) + 728/70?
8
Let g = -2195 + 2241. What is the remainder when g is divided by 6?
4
Suppose 3*m + 3*l - 504 = 0, 0 = -57*m + 53*m - 3*l + 670. Calculate the remainder when m is divided by 79.
8
Suppose k - 28 = r - 70, 5*r = -4*k + 165. Suppose v + 4 - 3 = 0. What is the remainder when r is divided by 16 + (v + 2 - 4)?
11
Suppose -2*s = -4*i, 2*s + 2*s = 4*i. Suppose 0 = -i*b - 2*b + 94. Suppose g + q = 2*q + b, -3*g + 157 = q. What is the remainder when g is divided by 27?
24
Suppose 0 = -3*t + 4*u + 415, -4*t + 8*t - 560 = 2*u. Calculate the remainder when t is divided by 48.
45
Suppose 3*p = 2*p - 2*t - 38, 4*p = 4*t - 104. Let r = p - -35. What is the remainder when r is divided by 3?
2
Let d(m) = 11*m - 10. Let x be d(3). Let k = 65 - x. What is the remainder when k is divided by 11?
9
Let f = 38 + -28. Suppose -h + f = -0*h. Calculate the remainder when 38 is divided by h.
8
Let w(b) = 6*b**2 + 4*b - 4. Let n be 4/7 + 778/(-14). What is the remainder when w(-4) is divided by n/10*-1*2 + 0?
10
Let l(s) = 50*s + 24. Calculate the remainder when l(3) is divided by 22.
20
Let c = -10 + 9. Let j be (c - -2)*-1 - -1. Suppose -15 = -5*m, j = -2*i + i - 4*m + 29. What is the remainder when i is divided by 6?
5
Let x be (-119)/(-9) - 2/9. Suppose v = -x + 35. Suppose g = -5*g + 510. Calculate the remainder when g is divided by v.
19
Suppose 61 = 5*n - 4*l, l = -3*n + 32 - 9. Suppose -2*p = n*p - 1771. Calculate the remainder when p is divided by 33.
29
Let l(w) = w**2 + 4*w - 4. Let z be l(-5). What is the remainder when 4/((-35)/(735/(-4))) is divided by (z + (-2)/(-10))*10?
9
Suppose a - 13 + 2 = 0. Let h = a - -25. Let r = 34 - 15. Calculate the remainder when h is divided by r.
17
Suppose -194 = -3*s - 2*r, r + 199 = 3*s + 2*r. Let u = -38 + s. Suppose -3*z - 29 - 1 = -2*o, 3*o + 3*z = u. What is the remainder when o is divided by 7?
5
Suppose 0 = -4*u - 4*b + 108, 3*u = -4*b + 65 + 16. Let t = 13 - 3. Suppose 0 = -5*w + t*w - 75. What is the remainder when u is divided by w?
12
Suppose 5*j - 3*x + 14 = -22, 0 = 3*j - 4*x + 26. What is the remainder when 32 is divided by 5 - 3/j*8?
5
Let t(n) = -2*n**2 + 73*n + 4. What is the remainder when t(36) is divided by 14?
12
Let s(n) = -n**3 - 2*n**2 - 18*n - 1. Suppose -2*t + 122 = u, 6*u + 244 = 4*t + 2*u. What is the remainder when t is divided by s(-2)?
26
Let m(g) = 13*g**3 - 3*g**2 + 2*g - 1. Let t(i) = -i**2 + 4*i - 7. Let d be t(4). Let u = d + 31. What is the remainder when m(2) is divided by u?
23
Let q(c) = -c**3 + 8*c**2 - 7*c + 7. Let l = 659 - 635. Calculate the remainder when q(5) is divided by l.
23
Suppose 5*d - 4 = 4*d. Calculate the remainder when 39 is divided by 12/(-48) + 57/d.
11
Let b = 322 + -204. What is the remainder when b is divided by 12?
10
Suppose 6*r + 6 = 7*r. Suppose 3*i = 5*b - r*b + 14, -3*i = -5*b + 70. Calculate the remainder when b is divided by 10.
4
Suppose 37 = o + 4*d, -2*o + 80 = 2*o - d. Suppose o*z - 5 = 20*z. Suppose -q - 4*q + 65 = 0. What is the remainder when q is divided by z?
3
Suppose 93 = n + m, n - 2*m = 50 + 28. Calculate the remainder when n is divided by 15.
13
Suppose -a = -3*q + 66, -269*q + 3*a + 30 = -268*q. What is the remainder when 270 is divided by q?
18
Let x = -287 + 323. What is the remainder when x is divided by 13?
10
Let k be (8*7/84)/((-2)/(-159)). Let c = k + -35. Calculate the remainder when 178 is divided by c.
16
Let m(r) = -24*r + 414. Calculate the remainder when 11 is divided by m(17).
5
Let f(w) = 7*w - 9. Let t be f(7). Suppose -t = -2*j + 30. Let l = 50 - 31. What is the remainder when j is divided by l?
16
Suppose -1945 = -5*v + 5*r, -r - 331 + 1486 = 3*v. Calculate the remainder when v is divided by 13.
9
What is the remainder when (-290)/15*-3 - (1 - 3) is divided by 11?
5
Suppose 0 = -32*p + 47*p - 915. Calculate the remainder when 487 is divided by p.
60
Let z = -169 - -188. Calculate the remainder when z is divided by 11.
8
Let s be (0 - (-61)/(-2)